4*w + 1. Let c(o) = -o**3 + o**2 + 18*o - 269. Let x be c(-7). Determine h(x).
10
Let n = 2472 + -2478. Let f(h) = h**3 + 7*h**2 + 2*h + 9. Calculate f(n).
33
Let w(n) = -n**2 + 6*n - 6. Let j = -15 - -20. Let l(b) = 13*b - 11 - 3*b**3 + j*b**3 - 7*b**2 - b**3. Let c be l(5). Determine w(c).
2
Let a(g) = 2*g + 8. Suppose 5*x + 831 - 891 = -2*r, x = 8. What is a(r)?
28
Let t(d) = -d**2 - 4*d + 10. Let p(f) = -7*f**2 - 422*f + 308. Let o be p(-61). Determine t(o).
-11
Let q(f) be the third derivative of f**9/60480 - f**8/20160 + f**6/720 + 7*f**5/6 - 2*f**2 - 44. Let k(t) be the third derivative of q(t). Calculate k(-1).
-1
Suppose 2*m = -0*x + 3*x + 2, 3*m - 18 = -3*x. Let u(s) = 0*s**2 + 4*s**2 + 2*s**2 + 6*s - 7*s**x + 3. What is u(7)?
-4
Let h(k) = -k**3 - k + 6. Let o be (1 - (-1 + 2)) + 8 + -8. Suppose -3*c = 2*c - 20. Suppose o = -c*r + 5*v + 5, 0*r + v = -5*r - 1. Determine h(r).
6
Let o(f) = -f**2 - 16*f + 35. Let u be 12/(-4) - (3 - 3). Let c be (-4 + 16)/(u*(-2)/(-9)). Calculate o(c).
-1
Let i be (-4)/2 + (-3)/6*-8. Let j(b) = 0 + i + 5 - 9 - 6*b. Calculate j(-1).
4
Let g be (-2)/(-21) + (924/(-3465))/((-28)/(-10)). Let o(r) = r**2 - 5*r + 21. Let w(x) = 2*x**2 - 9*x + 41. Let u(v) = 7*o(v) - 4*w(v). Give u(g).
-17
Let h(r) = -2*r - 3. Let k be h(-6). Let p(d) = -d + 5. Let t be p(k). Let n(c) = 4*c**2 + 395*c + 2 - 389*c - 3*c**2. Determine n(t).
-6
Let h(y) = -2*y + 10. Let u(b) = 1. Let d(p) = h(p) - 6*u(p). Let z = -56 - -63. Let o(g) = -g**2 + 7*g - 3. Let f be o(z). What is d(f)?
10
Suppose -2134*a + 2107*a - 108 = 0. Let c(f) = f**3 + 6*f**2 + 8*f. Give c(a).
0
Let w be 1/2*(-976)/(-183)*(-21)/(-4). Let d(z) = z**2 - 18*z + 23. Give d(w).
-33
Let j be (0 + (-9)/9)*(-5 + 1). Let p(u) = 7*u**2 + 3 - u**3 - 1282*u - 4*u**2 + 1283*u. Determine p(j).
-9
Let z = 5230 - 5220. Let c(y) = y**3 - 9*y**2 - 15*y + 48. Determine c(z).
-2
Let f(h) be the first derivative of -3*h**2/2 - 33*h + 1049. Give f(-10).
-3
Suppose r = -3*s, -4*r = 3*s - 2*r. Suppose t + 140 - 142 = s. Let k(x) = -3*x**2 - 2. Calculate k(t).
-14
Let f(d) = -107*d + 1087. Let r be f(10). Let w(l) = -l**2 + 11*l + 17. What is w(r)?
-85
Let z(b) = 11*b**3 - 38*b**2 - 18*b - 3. Let f(v) = -12*v**3 + 40*v**2 + 19*v + 2. Let n(i) = 13*f(i) + 14*z(i). What is n(-5)?
-41
Let m(k) = -4*k**2 - 17*k + 2. Let n be m(-10). Let c = -219 - n. Let q(p) = -p**2 + 12*p - 2. What is q(c)?
25
Let h(z) = z - 2. Suppose 40*d = 42*d + 158. Let u = 17 + -90. Let j = u - d. Calculate h(j).
4
Let v = -1065 - -1070. Let q(u) = -u**2 + 3*u + 11. What is q(v)?
1
Let j be ((-2)/(-2) - 1) + 0. Suppose 6*l = -16 + 40. Let u(r) = 3*r**2 - l*r**2 + 0*r**2 + 44 - 34. Determine u(j).
10
Let i(o) be the second derivative of o**3/2 + o**2/2 + 27*o. Let l be (3 - 6)/(11 - 10). Calculate i(l).
-8
Let v(x) = x**3 + 8*x**2 + x - 7. Suppose -8*t + 1852 = 4*h - 12*t, -891 = -2*h - 5*t. Let b = h + -465. Give v(b).
35
Let b be (4/6)/((-4)/(-6)). Let m(v) = -15*v - 9. Let u be m(-1). Let d be u + -1*(b + 2). Let z(t) = 4*t - 3. Give z(d).
9
Suppose 14*w - 15*w = -5. Suppose 0*t + 52 = z + w*t, -3*z = 4*t - 112. Suppose 5*h - 13*h + z = 0. Let g(j) = j**3 - 3*j**2 - 6*j + 4. What is g(h)?
-4
Let h(f) = 3*f**2 + 29*f. Let p(u) = -5*u**2 - 32*u - 18. Let s(j) = 2*h(j) + p(j). What is s(-20)?
-138
Let p be 8/2 + -1 + -2 - -4. Suppose p*k + 370 = 375. Let t(i) = -8*i**2 - 4*i. Let h(j) = -15*j**2 - 9*j. Let c(r) = -3*h(r) + 7*t(r). Determine c(k).
-12
Let r(l) = 17*l**2 + 1 + 0 - 2*l**2. Let i(h) = -2*h**3 - 53*h**2 + 62*h + 944. Let j be i(-27). Determine r(j).
16
Suppose -4*u + 44 = 18*u. Let i(f) = 4*f - 9. Give i(u).
-1
Let g = 84 - 74. Suppose g*b = 2*b + 24. Let d(k) = 0 - k**3 + 4*k**2 - 3*k - 1 + 3 - 3*k**b. Give d(2).
-20
Let u(m) = m**2 - 5*m + 10. Let y be u(12). Let f = y - 84. Let j(k) = -f*k**2 - 2 + 12*k**2 + 0 + 1. Determine j(-2).
7
Suppose 4*z - 736 = 5*i, -5*z + 21 + 431 = -3*i. Let v be (1/(0 - 2))/(6/i). Suppose 2*n + v = -2*n. Let q(y) = 8*y + 2. Calculate q(n).
-22
Let j(n) = 11*n + 2*n**3 - 3*n**3 - 7*n**2 - 1591 + 1599. Suppose 2*m + 41 = -5*d, 4*d = m - 9 - 3. What is j(m)?
-16
Let b(x) = 3*x - 1. Suppose 4*d - 22 = -2. Suppose 0*r + r - j = d, -5*j - 15 = -3*r. Suppose r*m = 2 + 8. What is b(m)?
5
Let f(v) be the third derivative of -17*v**4/24 - 80*v**3 - 2*v**2 + 4*v + 384. What is f(-29)?
13
Suppose -p = 2*w + 5 + 1, -5*w - 12 = 4*p. Suppose -30 = -p*r + 32. Suppose 2*g = 13 - r. Let o(s) = -s**3 - 8*s**2 + 9*s. What is o(g)?
0
Let n(i) = i**3 + 4*i**2 - 4*i - 34. Let q(u) = u**2 - u - 10. Let d(l) = -n(l) + 3*q(l). Determine d(0).
4
Let j(r) = -3*r**2 + 4*r + 3. Let s = 12 + -11. Let b(v) = v**2. Let p(c) = s*j(c) + 4*b(c). Let d be ((-148)/(-592))/(1/(-12)). Determine p(d).
0
Let n(b) be the first derivative of b**3/3 - 17*b**2/2 - 16*b + 4354. What is n(16)?
-32
Let s(o) = 5 + 2 - 10 - 1 + 10 + o. Suppose 5*w - 10 = 10. What is s(w)?
10
Let l(x) = -42*x**2 + 75*x + 371. Let o(n) = 5*n**2 - 9*n - 46. Let f(r) = 2*l(r) + 17*o(r). Calculate f(7).
-12
Let t(p) = -4*p**2 + 2*p + 1. Let h(n) = 2*n**2 - 1. Let j be 66/36 - (-30)/(-36). Let l(v) = j*t(v) + 3*h(v). Give l(2).
10
Let o(s) = -2*s**2 - 5*s - 4. Suppose -5*r - 323 + 48 = 0. Let a = 7 - r. Let y = 59 - a. Determine o(y).
-7
Let b(r) = -r**2 - 6*r + 3. Let p = -4410 - -4404. Determine b(p).
3
Let j(b) = 4*b**2 + 82*b - 2. Let k(m) = -3*m**2 - 48*m + 2. Let a(u) = 3*j(u) + 5*k(u). What is a(6)?
-68
Let i = -10 + 6. Let v(f) = 5*f + 6. Let h(t) = t + 1. Suppose 4*w + j + 0 = -5, -5*j - 1 = -4*w. Let p(a) = w*v(a) + 3*h(a). Calculate p(i).
5
Let y be 2/6*192/(-32). Let d be (-2 + (y - -4))/1. Let a(q) be the second derivative of -q**4/12 - q**2 + 2*q. Determine a(d).
-2
Let p(g) = -16*g - 127. Let c be p(-8). Let j(v) be the first derivative of 9*v**4/2 - v**3/3 - v**2/2 + v + 2. Determine j(c).
17
Let u(r) = -r - 8. Let b(z) = -z**2 + 14*z - 11. Let y be b(13). Suppose -5*g + 12 = y. Let q be (-5)/(-13 + 14 + g/(-4)). Calculate u(q).
2
Let c be 12*(-2 + 20/15). Let d(t) = 23*t + 184. Give d(c).
0
Let s(k) = -3*k - 23. Let a be -11 + 1*(-2)/2. Let n be s(a). Suppose 3*d - 1 = -n. Let t(c) = -c**3 - 3*c**2 + 3*c + 6. Calculate t(d).
10
Let m(u) = -81*u + 39. Let s(p) = 65*p - 37. Let h(b) = -3*m(b) - 4*s(b). Determine h(0).
31
Let m(v) = -6*v**2 - 5*v + 4. Suppose 26*a - 132 = -106*a. Calculate m(a).
-7
Let x(z) = -12*z + 27*z**2 - 41*z**2 + 9 + z**3 + 37*z - 10. Determine x(12).
11
Let c(w) = -w**3 + 6*w**2 - 2*w - 3. Suppose 5*l - 4*l - 34 = 0. Let p be ((-8)/(-16))/(((-1)/l)/(-1)). Suppose p = 6*s - 13. Give c(s).
12
Suppose 0 = 4*n - 5*t + 3, 4*n - t = -n - 30. Let w(x) = 12*x + 29. Let i be w(n). Let h = -59 - i. Let k(q) = 4*q + 3. Calculate k(h).
-13
Suppose 12*z + 3*p - 40 + 343 = 0, 0 = 2*z + 5*p + 55. Let q(k) = k**3 + 26*k**2 + 24*k - 33. Calculate q(z).
-8
Let n = -174 - -175. Let y(k) = k + 3*k**2 - k + k + 0 + n. What is y(-1)?
3
Let u(j) = j**3 + 8*j**2 - 6*j + 33. Let l = 6730 + -6739. Calculate u(l).
6
Let j(a) = -16*a**3 + 2*a**2 - 16*a. Let o(k) = 61*k**3 - 7*k**2 + 61*k - 1. Let t(z) = -19*j(z) - 5*o(z). What is t(0)?
5
Let x(h) = 3*h + 27*h**3 - h**2 - 4 - 61*h**3 + 33*h**3. Let a(y) be the first derivative of y**4/2 - y**3/3 + y**2/2 + y - 2. Let q be a(-1). Calculate x(q).
5
Let q(w) = -75*w + 154. Let d(z) = -27*z + 49. Let u(b) = 11*d(b) - 4*q(b). Give u(29).
10
Let c(u) = -8*u + 56. Let y be c(6). Let r(b) = -16 - 8*b + b**3 + 9*b + 19 - y*b**2 + 5*b. Determine r(6).
-33
Let z(m) = 94*m + 2634. Let s be z(-28). Let q(x) = -x**3 - 3*x**2 + 7*x + 6. What is q(s)?
0
Let m(u) = -7 + 7*u**2 + 73*u - 10*u**2 - 10 - 95*u. Determine m(-7).
-10
Suppose 2*h - 2*j + 10 = 0, 3*j = -2*h - 20 - 5. Let y(p) = p**3 + 10*p**2 + 13*p - 13. Calculate y(h).
11
Let z(l) be the first derivative of -l**3 - 2*l**2 + 5*l - 545. Determine z(1).
-2
Let i(v) = -1281*v - 503. Let a(t) = 592*t + 251. Let m(n) = -13*a(n) - 6*i(n). Determine m(-25).
5
Let i(k) = -10 + k**3 + 12*k**2 - 14*k + 2*k**3 + 2*k**3 - 4*k**3. Let d = 62 - 75. Determine i(d).
3
Let x(c) = c**2 - 102*c - 5127. Let h be x(-37). Let u(w) = w**2 - 15*w - 28. Give u(h).
-12
Let i(t) = -3*t - 9 + 2 + 4*t. Suppose -169*m + 162*m + 21 = 0. Determine i(m).
-4
Let q(d) = -d 